ctors of (-4)/c*59334/44.
2, 29, 31
Let f = -17349 + 31488. What are the prime factors of f?
3, 1571
Let x(m) = 9*m - 1. Let f be x(4). Let b = -35 + f. Suppose b = -11*r + 7*r + 440. What are the prime factors of r?
2, 5, 11
Suppose 0 = 3*u, -3*h + 0*u = 4*u - 9. Let r = h + -54. Let s = r - -196. List the prime factors of s.
5, 29
Let k = -12 + 17. Suppose w = 3*t - 38, -2*t = t - k*w - 22. Suppose 2 + t = 4*b, -4 = 2*a - 3*b. What are the prime factors of a?
2
Suppose 18*o - 71282 = 59884. What are the prime factors of o?
3, 7, 347
Suppose -209 - 655 = -4*r. Suppose 6*w - 12*w = r. List the prime factors of (-1988)/w + (-8)/36.
5, 11
Let h(o) = 4*o - 7. Let w be h(3). Suppose -w*g + 294 = 5*m + 24, 55 = m + 2*g. Let n = m - 43. What are the prime factors of n?
2, 5
What are the prime factors of 154124/212*(1 - -52)?
53, 727
Suppose -3*c - 3*h = -1911, 3*h = 54*c - 55*c + 649. List the prime factors of c.
631
Let x(i) = -i**3 + 34*i**2 - 67*i + 84. Let d be x(32). What are the prime factors of (-1 + 0 - -2)/(d/(-16092))?
3, 149
Let u(c) = -c**3 - 21*c**2 - 7*c + 28. Let p(v) = 14*v + 14. Let g be p(5). Suppose -g = 3*m + m. List the prime factors of u(m).
5, 7
Let b be (3 - (-45)/6)*-2. Let p = b + 21. Suppose 5*h + 51 - 281 = p. What are the prime factors of h?
2, 23
Let p be ((-156)/18)/(2/(-9) + 0). Let b be -6 - -17*p - (-5 + 1). Let g = b - 431. List the prime factors of g.
2, 5, 23
Let u(a) = 5*a**2 - 36*a + 182. Let t be u(6). Suppose g = -0*g. Suppose -5*q = -k - 749, q - 4*k - t = -g*k. What are the prime factors of q?
2, 3, 5
Suppose 24*h + 494641 = 35*h - o, -2*h + 89918 = 4*o. What are the prime factors of h?
3, 13, 1153
What are the prime factors of 14 + (-2 - -15314) - -11?
7, 313
Suppose g + 5 = -3*s - 4*g, 5*s - g = 1. Suppose -139 = 10*l - 13*l + 4*c, -270 = -5*l - c. Suppose s = -4*i + 5*i - l. What are the prime factors of i?
53
Let t(d) = -2*d**2 + 5*d + 3. Let m be t(0). Let y(w) = 247*w - 27. List the prime factors of y(m).
2, 3, 7, 17
Let l(v) be the first derivative of v**6/180 - v**5/40 - v**4/3 + 16*v**3/3 - 17. Let i(r) be the third derivative of l(r). List the prime factors of i(-5).
3, 19
Suppose 28 = -4*x - 2*o, -6*o + o + 2 = 2*x. Let s = 283 + x. List the prime factors of s.
2, 137
Suppose 76916 = 57*h - 13*h + 38*h. What are the prime factors of h?
2, 7, 67
List the prime factors of ((-8225)/5)/(405/(-14418)).
2, 7, 47, 89
Let u be 709/3 - (-12)/18. Let p = u + -148. What are the prime factors of p?
89
Let y(b) = -109*b - 160. Let w be y(-24). Suppose -4*v + 1958 = f, -20*v + 25*v = 3*f + w. List the prime factors of v.
2, 5, 7
Let m(k) = -1684*k - 2743. What are the prime factors of m(-18)?
19, 1451
Let x(m) = 103*m**3 + 16*m**2 - 48*m + 26. List the prime factors of x(4).
2, 13, 257
List the prime factors of (-2 - (-1180676)/84) + 12/9.
3, 5, 937
Let q = 30164 - 29999. Let r = 773 + -443. Let h = r - q. What are the prime factors of h?
3, 5, 11
Suppose -3*t = 2 + 1, 4*x + 4*t = 36. Let j be -2 - x*2*1/(-2). Suppose 4*h + j = -0*h, 4*s + 5*h - 78 = 0. List the prime factors of s.
2, 11
Suppose -8*b + 240 = 4*b. Suppose b - 1029 = -3*u + 5*j, 340 = u + 2*j. What are the prime factors of u?
2, 13
Suppose 0 = -3*c + 7 + 8. Suppose 6*h - 5*b = c*h + 109, h - 115 = -b. Suppose 0 = -5*p + h + 56. What are the prime factors of p?
2, 17
Let f(p) = 45*p**3 + p**2 - 11*p + 4. Let s(z) = 43*z**3 + z**2 - 10*z + 5. Let q(x) = -3*f(x) + 4*s(x). List the prime factors of q(2).
2, 3, 7
Let z(v) = -5*v**3 + 8*v**2 + 26*v + 16. Let s(i) = i**3 + 3*i + 7. Let c be s(-2). What are the prime factors of z(c)?
3, 647
List the prime factors of (85/170)/((-2)/(-23612)).
5903
Suppose 13*p = 5*p + 40. List the prime factors of (7028/70)/((-14)/p - -3).
2, 251
Suppose 4*s + 10 = 2. Let l(h) be the third derivative of -11*h**6/120 + h**5/60 + h**4/24 - h**3/6 + 17*h**2. List the prime factors of l(s).
89
Suppose 0 = -4*t - 6*t - 32*t + 525588. What are the prime factors of t?
2, 6257
Suppose 3458*s - 9492 = 3437*s. List the prime factors of s.
2, 113
Let s be (-23 + 560)*5/((-45)/(-6)). Let u = 708 - s. What are the prime factors of u?
2, 5, 7
Let q(s) = 0 - 67*s - 3*s**2 - s + 6*s**2 + 5*s**2 - 4. List the prime factors of q(17).
2, 3
Let r(q) = -3*q - 12. Let i be r(-4). Suppose 5*g + 207 + 83 = i. Let j = g + 245. What are the prime factors of j?
11, 17
Let z(n) = -5*n - 27. Let s be z(-6). Let j(k) = -k**2 + 5*k + 3. Let g be j(s). What are the prime factors of (-3)/g - (1 - (-192)/(-9))?
2, 5
What are the prime factors of (-95)/(-20)*-19*(-37 - 7)?
11, 19
List the prime factors of 168/448 - 422970/(-16).
2, 3, 2203
Suppose 0 = -15*g + 27 + 33. Suppose g*m = -5*j + 9693 - 1169, m + 3*j - 2131 = 0. What are the prime factors of m?
2131
Suppose 0 = 9*k - 5249 - 15991. Suppose 119*a + k = 127*a. List the prime factors of a.
5, 59
Let g(x) = -x + 16. Let n be g(13). Suppose -f = -n*f - 2, b = 5*f + 488. Let s = -260 + b. What are the prime factors of s?
223
Let v(y) = 2*y**2 - 9*y + 9. Let r(k) = k**2 - 9*k + 9. Let g(z) = -3*r(z) + 2*v(z). Let h be g(-10). Let u = 5 - h. List the prime factors of u.
2
Suppose 5*g = -s + 2*s + 1195, 0 = 3*g - 5*s - 739. Let i = g - 229. List the prime factors of i.
3
List the prime factors of -1 - 2 - (-11507 + (25 - 14)).
3, 1277
Let g(v) = -26*v**3 + 3*v**2 - 6*v - 153. List the prime factors of g(-6).
3, 7, 89
Suppose -8*t + 3*t - 33344 = 3*m, -5*m - 55582 = 4*t. List the prime factors of (-44)/(-352) - m/16.
5, 139
Let r be 22/(-33) + ((-461)/(-3) - -1). Suppose 17*w + r = 1. Let g(s) = s**2 + 8*s + 21. List the prime factors of g(w).
2, 3, 5
Let m be 1*(-3 + 20/(4 - 0)). Let k be (-2 - (-20)/12)/(m/(-18)). What are the prime factors of 62*1 - (k - 7)?
2, 3, 11
Let x(s) = 1231*s + 107. List the prime factors of x(4).
3, 13, 43
Let l = 23 - 14. Suppose -4*q - 15 = -l*q. Suppose 5*w + 468 = q*a + 2*w, 4*a = -4*w + 600. What are the prime factors of a?
3, 17
Suppose 0 = 3*j + 2*j + 15, p - 21 = 5*j. Let t(d) = 2*d**2 - 14*d + 7. Let g be t(p). Let i(z) = -35*z - 35. What are the prime factors of i(g)?
2, 5, 7
Suppose 5*t = -2*s + 18020, 126*t = -s + 125*t + 9013. List the prime factors of s.
3, 5, 601
Let o(f) = f**3 + 9*f**2 - f - 3. Let l be o(-9). Suppose l*b = -2*i + 2*b + 676, 0 = i + 4*b - 338. What are the prime factors of i?
2, 13
Let m(a) = -4861*a**3 + a**2 + 4*a + 2. Let o be m(-1). Suppose 0 = -5*p - l + 8078, 3*p - 43*l + 48*l = o. List the prime factors of p.
5, 17, 19
Suppose 13*d - 72 = -5*d. List the prime factors of (397/d)/(52/208).
397
Let x(d) = -741*d + 5836. List the prime factors of x(7).
11, 59
Let g = 448 - 445. Let u(c) = 15*c**2 + 6*c + 1. Let l be u(-4). Suppose -l - 182 = -g*v. What are the prime factors of v?
7, 19
Suppose 2*u + 16 = 6*u. Let i(x) = 4 - 4 - 2 + u*x**2 - 1 + 3*x. List the prime factors of i(4).
73
Suppose 5*m - 7903 = 4*m - 4*a, 2*m - 3*a = 15762. What are the prime factors of m?
3, 11, 239
Let d(i) = -3*i - 18. Let q be d(-7). Suppose 279 - 738 = -n - q*t, -4*t - 4 = 0. Let b = -329 + n. List the prime factors of b.
7, 19
Let c = 69421 - 30438. What are the prime factors of c?
7, 5569
Suppose -27*f - 3020 = -31*f. Suppose -25 = -15*k + 10*k, 4*r + 3*k - f = 0. List the prime factors of r.
5, 37
Let k(z) = -z**2 - 3*z + 108. Let q be k(9). Suppose q = 15*t - 47*t + 3296. List the prime factors of t.
103
List the prime factors of ((-111)/555)/(3/(-10575)).
3, 5, 47
Let o(p) = -p**2 - 3*p - 1. Let z be o(-3). Let w(m) be the first derivative of -53*m**4/2 - m**3/3 - 2*m**2 - 3*m + 42. List the prime factors of w(z).
2, 53
Suppose 0 = -5*o + 198 - 8. Suppose -4*m = -3*z + 88, 0 = 5*z - 2*m + 31 - 187. Suppose -z*v - 426 = -o*v. List the prime factors of v.
71
Let b = -125 + 130. List the prime factors of (b - (-2259)/21) + 6/14.
113
Suppose 34*d + 25*d + 4720 = 0. Let a be 8 + 1 + (0 - 1). Let y = a - d. List the prime factors of y.
2, 11
Suppose 5*r + 2*f - 15855 - 31241 = 0, -r + f + 9422 = 0. Suppose r = 16*q - 3492. List the prime factors of q.
3, 269
Let z be (3/(-4))/(4/(-768)). Let j = z + -254. What are the prime factors of (j/4)/((-4)/24)?
3, 5, 11
Let l = 24535 - 14696. List the prime factors of l.
9839
Let v(z) = -8*z**3 - 14*z**2 - 44*z - 37